ivided by 29?
26
What is the remainder when 23329 is divided by 76?
73
What is the remainder when 12317 is divided by 160?
157
What is the remainder when 30937 is divided by 65?
62
Calculate the remainder when 209 is divided by 71.
67
What is the remainder when 243 is divided by 61?
60
What is the remainder when 480 is divided by 23?
20
What is the remainder when 169 is divided by 13?
0
Calculate the remainder when 210 is divided by 39.
15
Calculate the remainder when 8063 is divided by 16.
15
Calculate the remainder when 3399 is divided by 566.
3
Calculate the remainder when 64 is divided by 48.
16
What is the remainder when 303 is divided by 72?
15
What is the remainder when 139 is divided by 20?
19
Calculate the remainder when 906 is divided by 228.
222
What is the remainder when 117 is divided by 100?
17
What is the remainder when 33 is divided by 7?
5
Calculate the remainder when 1029 is divided by 34.
9
Calculate the remainder when 319 is divided by 59.
24
What is the remainder when 202 is divided by 53?
43
Calculate the remainder when 51 is divided by 19.
13
What is the remainder when 48 is divided by 10?
8
Calculate the remainder when 1000 is divided by 24.
16
What is the remainder when 9 is divided by 3?
0
Calculate the remainder when 637 is divided by 226.
185
Calculate the remainder when 826 is divided by 22.
12
What is the remainder when 966 is divided by 121?
119
What is the remainder when 121 is divided by 16?
9
Calculate the remainder when 183 is divided by 77.
29
What is the remainder when 193 is divided by 93?
7
What is the remainder when 13948 is divided by 90?
88
What is the remainder when 252 is divided by 63?
0
Calculate the remainder when 1475 is divided by 61.
11
What is the remainder when 1678 is divided by 120?
118
Calculate the remainder when 250 is divided by 25.
0
What is the remainder when 2684 is divided by 168?
164
Calculate the remainder when 197 is divided by 29.
23
What is the remainder when 26 is divided by 4?
2
Calculate the remainder when 951 is divided by 4.
3
Calculate the remainder when 112 is divided by 44.
24
What is the remainder when 586 is divided by 74?
68
Calculate the remainder when 92 is divided by 3.
2
Calculate the remainder when 1181 is divided by 93.
65
Calculate the remainder when 312 is divided by 79.
75
Calculate the remainder when 9786 is divided by 89.
85
What is the remainder when 169 is divided by 27?
7
Calculate the remainder when 44 is divided by 16.
12
Calculate the remainder when 657 is divided by 35.
27
Calculate the remainder when 1686 is divided by 140.
6
What is the remainder when 44 is divided by 16?
12
What is the remainder when 317 is divided by 51?
11
Calculate the remainder when 20 is divided by 9.
2
Calculate the remainder when 364 is divided by 37.
31
Calculate the remainder when 2046 is divided by 64.
62
Calculate the remainder when 2349 is divided by 780.
9
What is the remainder when 10219 is divided by 146?
145
What is the remainder when 166 is divided by 24?
22
What is the remainder when 826 is divided by 12?
10
What is the remainder when 1846 is divided by 22?
20
What is the remainder when 127 is divided by 16?
15
What is the remainder when 69 is divided by 12?
9
What is the remainder when 1409 is divided by 94?
93
Calculate the remainder when 117 is divided by 23.
2
What is the remainder when 4170 is divided by 321?
318
Calculate the remainder when 1218 is divided by 53.
52
What is the remainder when 382 is divided by 37?
12
What is the remainder when 129 is divided by 13?
12
What is the remainder when 1097 is divided by 19?
14
What is the remainder when 427 is divided by 118?
73
What is the remainder when 104 is divided by 15?
14
Calculate the remainder when 439 is divided by 70.
19
What is the remainder when 47 is divided by 25?
22
Calculate the remainder when 293 is divided by 42.
41
Calculate the remainder when 335 is divided by 88.
71
What is the remainder when 1627 is divided by 326?
323
What is the remainder when 3375 is divided by 102?
9
What is the remainder when 197 is divided by 96?
5
Calculate the remainder when 1783 is divided by 94.
91
What is the remainder when 987 is divided by 6?
3
Calculate the remainder when 59 is divided by 7.
3
What is the remainder when 262 is divided by 47?
27
Calculate the remainder when 1056 is divided by 14.
6
Calculate the remainder when 1327 is divided by 19.
16
What is the remainder when 40 is divided by 14?
12
Calculate the remainder when 455 is divided by 38.
37
Calculate the remainder when 346 is divided by 103.
37
Calculate the remainder when 9318 is divided by 13.
10
Calculate the remainder when 69 is divided by 57.
12
Calculate the remainder when 69 is divided by 24.
21
Calculate the remainder when 10531 is divided by 439.
434
Calculate the remainder when 4938 is divided by 48.
42
Calculate the remainder when 559 is divided by 19.
8
Calculate the remainder when 169 is divided by 32.
9
What is the remainder when 336 is divided by 119?
98
Calculate the remainder when 145 is divided by 103.
42
What is the remainder when 1503 is divided by 172?
127
Calculate the remainder when 67 is divided by 14.
11
Calculate the remainder when 507 is divided by 58.
43
What is the remainder when 24 is divided by 8?
0
Calculate the remainder when 69 is divided by 68.
1
What is the remainder when 212 is divided by 61?
29
What is the remainder when 189 is divided by 64?
61
Calculate the remainder when 5303 is divided by 102.
101
Calculate the remainder when 1136 is divided by 162.
2
Calculate the remainder when 339 is divided by 176.
163
What is the remainder when 616 is divided by 158?
142
Calculate the remainder when 156 is divided by 25.
6
Calculate the remainder when 1268 is divided by 27.
26
What is the remainder when 46 is divided by 34?
12
What is the remainder when 38 is divided by 3?
2
What is the remainder when 703 is divided by 11?
10
What is the remainder when 70 is divided by 19?
13
Calculate the remainder when 505 is divided by 35.
15
What is the remainder when 1117 is divided by 14?
11
What is the remainder when 301 is divided by 112?
77
What is the remainder when 556 is divided by 191?
174
What is the remainder when 49 is divided by 17?
15
Calculate the remainder when 507 is divided by 85.
82
What is the remainder when 569 is divided by 152?
113
Calculate the remainder when 164 is divided by 52.
8
Calculate the remainder when 51 is divided by 24.
3
Calculate the remainder when 81 is divided by 26.
3
Calculate the remainder when 159 is divided by 31.
4
Calculate the remainder when 15 is divided by 15.
0
Calculate the remainder when 101 is divided by 65.
36
What is the remainder when 348 is divided by 22?
18
Calculate the remainder when 151 is divided by 31.
27
Calculate the remainder when 562 is divided by 21.
16
Calculate the remainder when 1084 is divided by 35.
34
Calculate the remainder when 170 is divided by 54.
8
Calculate the remainder when 502 is divided by 37.
21
Calculate the remainder when 450 is divided by 13.
8
Calculate the remainder when 407 is divided by 34.
33
What is the remainder when 403 is divided by 134?
1
What is the remainder when 28 is divided by 10?
8
Calculate the remainder when 140 is divided by 73.
67
What is the remainder when 674 is divided by 672?
2
What is the remainder when 126 is divided by 19?
12
Calculate the remainder when 120 is divided by 22.
10
Calculate the remainder when 692 is divided by 87.
83
What is the remainder when 211 is divided by 113?
98
Calculate the remainder when 387 is divided by 54.
9
What is the remainder when 205 is divided by 71?
63
What is the remainder when 406 is divided by 34?
32
Calculate the remainder when 302 is divided by 28.
22
What is the remainder when 154 is divided by 6?
4
Calculate the remainder when 3318 is divided by 2.
0
What is the remainder when 1651 is divided by 72?
67
What is the remainder when 123 is divided by 14?
11
Calculate the remainder when 2015 is divided by 20.
15
Calculate the remainder when 1263 is divided by 156.
15
What is the remainder when 20 is divided by 11?
9
What is the remainder when 1121 is divided by 51?
50
What is the remainder when 809 is divided by 12?
5
Calculate the remainder when 7095 is divided by 91.
88
W